0*1.
2, 5, 643
Suppose -b + 3*b - x = 311, -b + 163 = x. What are the prime factors of b?
2, 79
What are the prime factors of (15*17)/(99/165) + 6?
431
Suppose -3*d + 0 - 108 = -3*q, -5*q + 130 = 5*d. Let y = q - 21. Let b = y - 4. What are the prime factors of b?
2, 3
Suppose 0 = -3*b + 5*w + 52, -3*w - 36 - 56 = -5*b. Suppose b*a = 20*a - 138. List the prime factors of a.
2, 3, 23
Suppose 5*n = 4*u - 1733, -3*u + 1231 + 60 = -2*n. What are the prime factors of u?
7, 61
Let a = -1422 - -2895. List the prime factors of a.
3, 491
Suppose -198 - 81 = -3*m. Suppose 4*j - k + 269 = 4*k, 0 = 3*j - 2*k + 200. Let u = j + m. List the prime factors of u.
3
Let h = -364 - -2606. What are the prime factors of h?
2, 19, 59
List the prime factors of (-36)/(-60) + 175970/50.
2, 5, 11
Let g(k) = k**3 + 9*k**2 - 2*k - 26. What are the prime factors of g(-7)?
2, 43
Let i = 1254 + -487. List the prime factors of i.
13, 59
Let m be -2*12/8 - -21. Let b = m - 8. Suppose h = 29 + b. List the prime factors of h.
3, 13
Suppose 5*a + 55 = 5*g, -5*g - 4*a + 2*a + 34 = 0. Suppose -3*s - 3*r = -g*r - 106, -4*s = -4*r - 128. What are the prime factors of s?
3
Let q(z) = -14*z**2 + 2 + 163*z**3 - 2 + 13*z - 11 - 164*z**3. What are the prime factors of q(-15)?
19
Let m(f) = 27*f**2 - 5*f + 3. Let q be m(3). Let d = -139 + q. What are the prime factors of d?
2, 23
Let p be 25*1/(-2)*6. What are the prime factors of 2/(-6)*(1 + 0)*p?
5
Let a(m) = m**2 + 18*m + 49. List the prime factors of a(-29).
2, 23
Let w(l) = 6*l + 2. Let u be 1/(-3) + (-24)/9. Let a be 7 - (4 + -5 - u). List the prime factors of w(a).
2
Suppose 4*h - 18 + 10 = 0. Suppose -4*a + 2*j = -a - 32, h*j - 24 = -4*a. List the prime factors of a.
2
List the prime factors of -2*(3 - 6) + 796.
2, 401
Suppose 2*o = -887 - 243. Let h = -799 - o. List the prime factors of ((-26)/39)/(4/h).
3, 13
Suppose -15700 - 8973 = -11*z. List the prime factors of z.
2243
Let n(y) = y**3 + 4*y**2 - 2*y + 4. Suppose -4*u + 1 = -15. What are the prime factors of n(u)?
2, 31
Let c be 164*(4/8 + 0). Let k = -42 + c. What are the prime factors of k?
2, 5
Let l(u) = -6*u + 169. What are the prime factors of l(-11)?
5, 47
Let h = 7 - 4. Suppose -9*x + 8*x = 0. Suppose x = -h*t + 98 + 7. What are the prime factors of t?
5, 7
Let c be ((-4)/(-12))/((-1)/291). Let z = -63 - c. What are the prime factors of z?
2, 17
Suppose -28*t - 115 = -29*t. Suppose 5*b - 460 = -5*m + m, m - t = 3*b. List the prime factors of (m/(-25))/(3/(-15)).
23
Suppose 3*n = 2*b + 22, 4*b + 0*b - 4 = 0. Suppose 4*s - 8*s = n. What are the prime factors of (-7)/((-21)/78) + s?
2, 3
Let q(o) = -2*o**2 + 15*o - 10. Let n be q(7). Let r be 3/(-1*(n + 2)). Suppose a + 17 = v - 11, r*v - 5*a = 84. List the prime factors of v.
2, 7
Let d(j) = -163*j + 159. What are the prime factors of d(0)?
3, 53
Let n(a) = 4*a**2 + 11*a - 39. What are the prime factors of n(-12)?
3, 5
Suppose 2*x - 12 = -2*x. Suppose 0 = -4*u - 2*w + 96, 4*w = x*u - 50 - 22. List the prime factors of u.
2, 3
Let t(g) = -g - 4. Let d be t(-6). Suppose d*p + 4*s = 346, -p + 0*s = -3*s - 188. What are the prime factors of p?
179
Suppose 4*d = p + 2*d + 12, 5*p + 5*d = -60. Let l(b) be the second derivative of -b**4/12 - 7*b**3/3 - 5*b**2/2 - 2*b. What are the prime factors of l(p)?
19
Let r = 64 + -63. List the prime factors of (-55 - -9)*r/(-2).
23
Let u = 25 - 23. Suppose u*q + 195 = 5*j, 103 + 92 = 5*j - 4*q. What are the prime factors of (2 - 0) + -3 + j?
2, 19
Suppose -3*l = -2*u - 468, -236 = u + 4*l - 6*l. Let h be (-4)/(-10) + u/20. Let m = h + 23. List the prime factors of m.
2, 3
Let f(z) = -114*z - 240. List the prime factors of f(-13).
2, 3, 23
Let z be 50/10 - (-1 - -3). Let j be z - 4 - 1*-1. Suppose -u = -5*u - 5*x + 18, j = x - 2. List the prime factors of u.
2
Let o(y) = -3*y**2 - 3*y**2 + 2*y**3 + 8*y + 2*y**2 - 3*y**3. List the prime factors of o(-6).
2, 3
Let p be -10*(-1 + 4)*-1. Suppose -q - 19 = -x - 4*x, 4*x + 5*q = -8. Suppose -f + p = x*o, -6 = o - 4*o. What are the prime factors of f?
2, 3
Suppose 0*w = -4*w + 3*f - 7, 2*f = 5*w. Suppose 2*u - 140 = -w*u. Suppose -4*j - u = 2*l - 5*l, 5 = -4*l - 5*j. List the prime factors of l.
5
Suppose 2*r = 4, 3*h - 62 = -h + r. Suppose c - 5*c = -h. Suppose 2*g + 44 = c*x, -x + 6*g + 29 = g. What are the prime factors of x?
3
Let t = 79 + -7. What are the prime factors of t/40*(-30)/(-9)?
2, 3
Let h(i) = -i**3 + 8*i**2 - 8*i - 4. Suppose 5*p - 43 = -0*p - c, 0 = -p - 4*c + 1. Let t = -3 + p. List the prime factors of h(t).
2, 5
Suppose 5*n = -i + 27 + 8, 3*i - 72 = -4*n. Suppose -6*s + i = -7*s. Let b = s + 31. What are the prime factors of b?
11
Suppose -87 = -3*q - 18. Suppose 6*u = 7*u - q. List the prime factors of u.
23
Suppose 3*y - v = y + 13, -11 = -4*y + 5*v. Suppose -y*o = -14*o + 245. What are the prime factors of o?
7
Suppose -43*c = -46226 + 5634. What are the prime factors of c?
2, 59
Suppose 4*j - 3*j = 0. Suppose j = -2*u - 3*u + 300. Let b = u - 43. What are the prime factors of b?
17
List the prime factors of 2/9 + (-23)/(2070/(-68470)).
761
Let f(t) be the third derivative of -t**6/120 - t**5/12 - 5*t**4/24 - t**3 - 2*t**2. Let x be f(-5). Let c = x + 0. What are the prime factors of c?
19
Let v(f) = -f**3 + 8*f**2 + 4*f + 3. Let m be v(8). Let k = m + -25. Suppose -4*j + k = -2. What are the prime factors of j?
3
Let b(l) = -8*l + 7. Suppose 3*n - 6*j = -11*j - 70, -n - 5*j - 40 = 0. List the prime factors of b(n).
127
Suppose 0 = -18*v + 25*v - 6608. What are the prime factors of v?
2, 59
Let x be 2*(-37)/6 - (-2)/(-3). Let m(g) = -12*g - 17. List the prime factors of m(x).
139
Suppose 2*h + 4 = -6. Let k be 6 - (-1 - (h - -2)). Suppose -30 = -3*y - 2*p, k*y - 3*p = -2*p + 51. List the prime factors of y.
2, 3
Let z = 833 - -1156. What are the prime factors of z?
3, 13, 17
Suppose f = -5*u + 1829, 3*u - 8*f = -3*f + 1075. What are the prime factors of u?
5, 73
Let v(f) = f**3 + 14*f**2 + 15*f - 14. Let k be v(-12). Suppose -187 = -4*y + o, -4*o - k + 36 = -y. List the prime factors of y.
2, 23
Let i(t) = 60*t + 1. Let j be i(4). Suppose k - 95 = v - 3*v, -3*k = -5*v - j. List the prime factors of k.
3, 29
Let h(s) = -8*s - 10. Let i be h(-2). Let g = 103 + i. List the prime factors of g.
109
Let k(i) be the second derivative of -i**3/2 + 13*i**2/2 + 4*i. List the prime factors of k(-16).
61
Let s = -36 - -26. Let y(u) = -u**3 - 9*u**2 + 14*u - 4. Let w be y(s). List the prime factors of 339/11 + (-8)/w.
31
Let m(i) = 5*i**2 + 11*i - 11. Let t be m(1). Suppose 382 + 538 = t*j. List the prime factors of j.
2, 23
Suppose 3*c - 11 = -2. Suppose -c*j + 1 = -2*j. Let p(t) = 9*t**3 - 1. List the prime factors of p(j).
2
Let r(b) = -6*b + 4. Let z be r(-7). Suppose -2*p + l + 72 = 0, 3*p = 4*p - 3*l - z. Suppose 5*h = 11 + p. What are the prime factors of h?
3
Let d(x) = x + 5. Let f be d(-5). Suppose 2*g + 2*j = 4*j + 76, f = -5*g + 2*j + 196. List the prime factors of g.
2, 5
Let i = -264 + 422. List the prime factors of i.
2, 79
Suppose -3*j = 4*o - 12, 3*o = 3*j - 7*j + 16. Suppose 22 = 4*c - j*s - 74, 4*s = -c + 24. List the prime factors of 2/8 + 930/c.
3, 13
Let d(i) be the third derivative of -i**4/24 - 2*i**3/3 + 3*i**2. What are the prime factors of d(-7)?
3
Suppose 5*w - 6 - 11 = 4*b, 4*b + 4*w - 28 = 0. Suppose -8 = 2*k + 3*d, 4*k - 4*d + 7 = 31. Suppose c = 4*v - 82, c - b = k*c. What are the prime factors of v?
2, 5
Let f be -1 - (-3 + (-2 - -3)). Let b be (f - 5)/(2/(-30)). Let y = b - 32. List the prime factors of y.
2, 7
Suppose -75 = 3*b + 3*r, 4*b = -0*r + 3*r - 65. Let v = b + 38. What are the prime factors of v?
2, 3
Suppose -15 = -5*c, 1749 = 5*t + 2*c - 27852. What are the prime factors of t?
3, 1973
Let u be 14/(-21) + 520/6. Let a = -19 + u. What are the prime factors of a?
67
Let u = -23 - -24. Let l be (u - -1)*(15 - 7). Let y(o) = -o**3 + 16*o**2 + 2*o + 12. What are the prime factors of y(l)?
2, 11
Suppose 229*i = 220*i - 423. Let k = -26 - -12. Let h = k - i. List the prime factors of h.
3, 11
Suppose -4*j + 1 = -2*a + 7*a, 3*j - 21 = 3*a. Suppose j*d = -d + 120. What are the prime factors of d?
2, 3
Let f(i) = -i - 4. Suppose v + 3*k = 3 + 2, -k + 23 = -5*v. Let b(q) = q + 3. Let j(m) = v*f(m